109
Evaluate 23 + -17 - (-13 + 6 + -8 + -1).
22
What is the value of -71 + (-2 - -6 - (6 + (4 + -9 - 4)))?
-64
What is the value of (-1 + (-6 - -2) - 27) + (22 - (-4 + 20))?
-26
What is the value of 3 + (-6 + 1 + 5 + 4 - (-98 - -124))?
-19
28 + (12 - 25) - (-27 + 16 + 15)
11
Evaluate (19 - 112 - (3 + (-25 - -19))) + 23.
-67
5 + (-12 - 6) + 126 - (-42 - -43)
112
Calculate 17 - (49 - (15 - (-15 + 18)) - 18).
-2
What is the value of (65 - 10) + -8 - 20?
27
Evaluate 243 + -220 - (-7 - (-7 + -32)).
-9
Calculate -12 - (59 + (8 - 43) + 13).
-49
Calculate 25 + 19 + (-25 - -2) - 125 - -4.
-100
What is the value of 27 + -3 - (-188 - -51 - -95)?
66
Calculate 43 - -4 - ((33 - 51) + 21 + -2).
46
What is -21 - (1 - 5 - (4 + 45 + -42))?
-10
Evaluate 3 - (0 + (3 - (-5 + 24))).
19
What is the value of 2 + 2 + (-3 - 5) + 316 + -351?
-39
Calculate (-41 + -58 - -49) + 8.
-42
What is the value of 12 + -12 - 0 - (21 + -19 + 4) - -115?
109
What is the value of 45 + 32 + -99 + 62?
40
Calculate -1 + 2 - (-1 + (-32 - -22) - (-15 + 1)).
-2
What is the value of 34 - (17 + (-3 - -11) + -23)?
32
What is (29 - -2) + -715 + 658?
-26
Evaluate 17 - ((4 - 8) + 56).
-35
Calculate 69 - (184 + -56 - 8).
-51
What is the value of -44 - (-11 - (-8 + -4 + 13 - 8))?
-40
24 + -8 + -12 + 37 + -6 + 0
35
-11 + 261 + -279 + 6 + 59
36
What is (1 - -2) + 20 + 1 + 35?
59
What is the value of (8 - 16 - -5 - -1) + (0 - -31 - -5)?
34
5 + -1 - (-10 + (-16 - -23) + (0 - 10))
17
Calculate (1 - 26) + -4089 + 4126.
12
What is (-229 - -274 - (-17 + -3)) + -6?
59
Evaluate (0 - -3 - 24) + 504 + -471.
12
What is the value of (1 - 29) + (0 - 14) + 3?
-39
What is -60 + 254 + -101 - 132?
-39
What is (-41 - (-24 - 9)) + 40?
32
What is the value of 66 + (62 - 117) + -16?
-5
What is the value of 1 + -14 + (-11 + 9 + -22 - -52)?
15
Calculate (-6 - (-7 - -3)) + -2596 + 2570.
-28
Evaluate (-88 - 0) + -3 + 32 + (6 - -10) + -42.
-85
Calculate 45 + -92 + (10 - 3).
-40
What is 123 + 4 + (39 - (-46 + (56 - -35)))?
121
-5 + -3 - (35 - -4) - 5 - 6
-58
Evaluate -11 + (54 + -29 + 1 - 21).
-6
12138 - 12159 - (-1 - 60)
40
What is (3872 - 3929) + 146 + -1?
88
What is the value of 150 + -40 + -1 - 244?
-135
1 + ((26 - 22) + -1 + (3 - -2) - 9)
0
What is 104 + 50 + -93 - 36?
25
Calculate -8 + (6 - 64) + (21 - 39 - -31).
-53
What is -32 + (77 - -4) - 14?
35
(-1 - -135) + 269 + (-145 - 140)
118
Calculate (92 - -12) + (-70 - -3).
37
What is the value of 23 + -63 - -55 - -60 - (12 - 0)?
63
Evaluate -1988 - -1946 - (1 + 0 - 20).
-23
Evaluate 66 - (13 + 1 + 584 + -577).
45
What is the value of (-5 - -49) + 15 - 15 - (0 - (-18 - -8))?
34
What is the value of 45 - (-1 + 8 + -59 + 88 + -35)?
44
-26 - (-4 - -9 - -10) - (15 + -7 + 6)
-55
What is the value of 6 - ((35 + -79 - -24) + (7 - -1) - 19)?
37
(1 + 16 + 60 + -74 - -11) + 26
40
Calculate 27 - (-91 - -123 - (22 - 6)).
11
Evaluate 12 + (-23 - (-19 + -1)) + 9.
18
Calculate 121 + -2 - (164 - 101).
56
(7 - 2) + 36 + -3 - ((-19 - -28) + -15)
44
What is the value of -21 - (0 + -4) - (-4 + -90)?
77
-19 - -1 - (55 - (103 + -43)) - (-1 + 10)
-22
Evaluate -92 + -38 + 54 + (-4 - -24).
-56
What is the value of 118 + -25 + -126 + (2 - (-9 + -1)) + -4?
-25
-111 + 91 + (1 - -34) + 5
20
What is -5 - (-2 - -57) - (-14 + 9 + -7)?
-48
Evaluate -39 - ((-1 - -4) + (-9 + 10 - (-8 - -8))).
-43
Evaluate (-201 - -168) + 13 + 7.
-13
What is 107 + (-35 - -29) + -46?
55
What is the value of (0 + -41 - -47) + (-4 - -3 - 19) + -7?
-21
Evaluate (77 - 84) + -45 - (-12 + 0).
-40
What is the value of 8 - -108 - ((-70 - -125) + -32)?
93
What is 192 + -200 + (0 - 11) - -6 - -14?
1
What is (1 - -11) + -710 + 724 + (-2 - (63 - -2))?
-41
Calculate -1 - 0 - (-29 - (11 - (59 - (52 + -20)))).
12
What is the value of 25 + (-52 - (-2 + -21))?
-4
What is the value of -2887 - -2787 - (-2 + -22)?
-76
Evaluate 8 + (-19 - -4) + -4 - -12 - 1.
0
What is (-967 - -979) + -4 + -82?
-74
What is (7 - -1) + (35 - 9 - (42 + -25 + -3))?
20
Calculate 8 - ((-13 - -2) + (-46 - -40) + -7 + -4).
36
What is 67 - (-32 + 12 + 33 - -9)?
45
(-35 + 19 - -30) + -64
-50
Calculate 806 + -762 - (2 - -58).
-16
Evaluate 543 + -500 + 21 + 0.
64
What is the value of 32 + 35 + (38 + -13 - 20)?
72
Calculate (-5 - 17 - (35 - 39)) + 10.
-8
Calculate -9 + (12 - -10) + -27 + -12 + -1.
-27
(63 - -75 - 256) + 157
39
-10 + (-338 - -327 - (-63 + 2 + -2))
42
Evaluate -19 + 0 + (143 - 46 - 59).
19
(3 + 6 - (380 - 388)) + -68
-51
-12921 + 12910 + 0 + -1 + -6 + 2
-16
Calculate (-1 - (24 - (29 - 14) - -8)) + -1.
-19
What is -75 + (-8 - -3 - (-21 - -7) - -4)?
-62
-9 + 12 + (19 - (9 + 3))
10
-17172 + 17311 + -140 + 2
1
Calculate -1 + (-1 - 26) - (-26 + 67 + -33).
-36
Evaluate 45 + 39 + -100 - 28.
-44
What is -9 + (-9 - (-4 - 9)) + 82 + 2?
79
What is the value of (430 - 483) + (2 - -52)?
1
What is the value of -65 + (-57 + 30 - -64)?
-28
Calculate (9 - 8) + (-2 - 5) - (-2 - 10).
6
Calculate (-3 - 40 - (0 + -4)) + (43 - 37).
-33
What is -85 + 92 - (-1 + 14) - (35 + -117)?
76
Calculate 14 + (2 - 6 - 1) - (-35 - (-105 - -36)).
-25
What is (-10 - -1) + 0 + 15 - (-4 + 12 - -7)?
-9
What is (0 - -12) + (-21 + 15 - -9)?
15
Calculate 3 + (-3 - ((12 - 77) + 8 - -8)).
49
What is the value of -10 + -1 - (-48 - -44 - 9) - 0 - -93?
95
What is -63 - 30 - -22 - (-24 + 42)?
-89
Calculate 137 + 19 + -289 - (2 - 35).
-100
What is (28 + 1 - (-346 + 323)) + 21?
73
What is the value of -100 + 209 + (12 - 88)?
33
Evaluate (9 - 0) + -2 + 56 + 7.
70
-138 + 160 + -36 - (-41 - (2 + -2))
27
Evaluate (-109 - -21) + -43 + 160.
29
What is 47 + -30 - (-80 - (-29 + 15))?
83
Evaluate -64 + (70 - 20) - (-39 - -1).
24
Evaluate -4 + 7 + -2 + -1 + 2 + 28.
30
What is -35 + 7 + (12 - (-4 + 2) - 15)?
-29
Calculate (15 + -15 - -1) + -32 - (6 + (-5 - -2)).
-34
Evaluate -2 - (-2 + 35) - ((-22 + 63 - 14) + -25).
-37
What is the value of (5 - 9) + 76 - (-7 - -10 - (-3 - 2))?
64
Evaluate -12 + -33 + -17 + 8.
-54
What is (14 - (42 + -3 + -15)) + (-4 - (-16 - 7))?
9
What is the value of (80 - -17) + -504 + 387?
-20
(-16 - -65) + -18 + -50
-19
What is (8 - -3 - 16 - 20) + -3 + -11 + -2?
-41
What is 26 + -2 + (-4 - 6 - (-26 + (-9 - -28)))?
21
(-32 + 50 - 46 - -15) + 16
3
What is -115 + (16 - (14 - 13)) + (-13 - -16) + -4?
-101
Evaluate -24 - ((-93 - (-34 + -8)) + -32).
59
Calculate 132 + (-143 - -53) - (33 + 1).
8
-2 + 33 - (-2 + (10 + -37 - -27)) - 1
32
Evaluate (-29 - 0 - -52) + (1 - 14) + 40.
50
Calculate (102 - 1) + 8689 + -8813.
-23
What is -4 + 3 + -36 + (-86 - -115)?
-8
-3 + (-16 - 7) + 76 + -7
43
Evaluate (-19 - -27) + -16 - (-64 + (-1 - -4) + -7).
60
1113 + -1111 + -3 + -3 + -44
-48
(29 - (-35 + 47 + -54)) + 22
93
Evaluate 1 + (88 - 105) + 29.
13
What is 0 - 8 - (13 + (-3 - (-9 + 23)))?
-4
-23 - ((10 - (-20 - 6)) + -23)
-36
What is -89 + (-5 + -6 - -11) + -4 + 7?
-86
What is (22 + -45 - (-26 - -36)) + 5?
-28
What is -13 - (45 + -2) - -2?
-54
What is (7 + -5 + 14 - 4) + 25 + -89?
-52
Calculate -62 - ((1 - -4) + (-27 + 21 - 10) - -1).
-52
What is the value of -13 - (-105 - 5 - -44)?
53
What is the value of 39 - 3 - 27 - (3 + -7 + 5)?
8
What is -66 + 11 + (16 - (3 - 6))?
-36
Calculate 15 - (24 - 0) - -32 - (7 - (0 - 4)).
12
Calculate -8 + (23 - 11) - (16 - (-18 + 13)).
-17
What is the value of (-112 - -54 - -5) + 29?
-24
Evaluate -36 - -58 - -22 - (10 - 1).
35
What is the value of 10 + 17 + (-97 - (22 - -10))?
-102
What is 35 + -27 + -67 - 9?
-68
What is -4 - (1 - 0 - (-20 - -17)) - 60?
-68
What is -9 - (2 + -15) - (1 + 16 - -9)?
-22
What is -6 + -29 + (3 + -27 + 9 - (-7 + -2))?
-41
Calculate -7 + 9 + 34 + (88 - 62).
62
-12 + -9 + 13 + 12 + -5 - 0
-1
Evaluate 172 - 179 - (25 + (2 - 5) - -1).
-30
Calculate 4 + 32 + (69 - 17) + -25.
63
What is 406 + -331 - (0 + 0 + (-23 - -30))?
68
What is -43 - ((-20 - -2) + -9)?
-16
Evaluate (-6 + (1 - (1 - 2)) - -15) + -2785 + 2752.
-22
What is the value of -7 + -1 + 7 + (25 + -121 - 1)?
-98
What is 77 - 1 - (1435 + -1453)?
94
Calculate (-253 - -306) + (-11 - 50).
-8
What is the value of -55 + 128 + -58 + -68?
-53
11 + (-39 - ((17 - 12) + -2))
-31
What is the value of 7 + 18 + 2 + (-14 - -22 - (-3 - -20))?
18
What is 45 + -1 + 0 + (286 - 276)?
54
What is (-5 - -11) + -2 - (-25 - -32 - (-9 - 2))?
-14
Evaluate 25 + -11 + (-36 - -21) - (-66 - 0).
65
Evaluate 11 + -73 + 2 + 23 + 1.
-36
W